{"id":102,"date":"2025-11-05T12:57:12","date_gmt":"2025-11-05T11:57:12","guid":{"rendered":"https:\/\/bkbconsultants.com\/?page_id=102"},"modified":"2026-01-06T10:42:28","modified_gmt":"2026-01-06T09:42:28","slug":"about-us","status":"publish","type":"page","link":"https:\/\/bkbconsultants.com\/?page_id=102","title":{"rendered":"A propos de nous"},"content":{"rendered":"\t\t<div data-elementor-type=\"wp-page\" data-elementor-id=\"102\" class=\"elementor elementor-102\" data-elementor-post-type=\"page\">\n\t\t\t\t<div class=\"elementor-element elementor-element-4e2d6cc2 e-flex e-con-boxed elementor-invisible e-con e-parent\" data-id=\"4e2d6cc2\" data-element_type=\"container\" data-e-type=\"container\" data-settings=\"{&quot;animation&quot;:&quot;fadeIn&quot;}\">\n\t\t\t\t\t<div class=\"e-con-inner\">\n\t\t\t\t<div class=\"elementor-element elementor-element-38b0c2f7 elementor-widget elementor-widget-flex-hero\" data-id=\"38b0c2f7\" data-element_type=\"widget\" data-e-type=\"widget\" data-settings=\"{&quot;image_shape&quot;:&quot;rounded&quot;,&quot;layout_image_position_tablet&quot;:&quot;end&quot;,&quot;layout_preset&quot;:&quot;showcase&quot;,&quot;layout_column_structure&quot;:&quot;50-50&quot;,&quot;layout_image_position&quot;:&quot;end&quot;,&quot;primary_button_shape&quot;:&quot;default&quot;,&quot;box_shape&quot;:&quot;sharp&quot;}\" data-widget_type=\"flex-hero.default\">\n\t\t\t\t<div class=\"elementor-widget-container\">\n\t\t\t\t\t\t\t<div class=\"has-shape-sharp shape-type-box has-column-structure-50-50  ehp-flex-hero has-layout-preset-showcase has-image-position-end has-image-position-md-end\">\n\t\t\t\t\t\t<div class=\"ehp-flex-hero__overlay\"><\/div>\n\t\t\t<div class=\"ehp-flex-hero__content-container\">\n\t\t\t\t<h2 class=\"ehp-flex-hero__heading\">A propos de nous<\/h2><h3 class=\"ehp-flex-hero__subheading\">Nous mettons tout en \u0153uvre pour vous proposer un service de qualit\u00e9 fond\u00e9 sur trois piliers :\n\u2022\tTarifs transparents : des honoraires clairs, adapt\u00e9s \u00e0 votre structure, sans surprise.\n\u2022\tOutils num\u00e9riques innovants : plateforme collaborative, d\u00e9mat\u00e9rialisation des pi\u00e8ces, acc\u00e8s en temps r\u00e9el \u00e0 vos donn\u00e9es.\n\u2022\tAccompagnement personnalis\u00e9 : un interlocuteur unique et disponible, \u00e0 l\u2019\u00e9coute de vos enjeux sp\u00e9cifiques.\n<\/h3>\t\t\t<div class=\"ehp-flex-hero__ctas-container\">\n\t\t\t\t\t\t\t\t\t\t\t<\/div>\n\t\t\t\t\t<\/div>\n\t\t\t\t<div class=\"ehp-flex-hero__image-wrapper\">\n\t\t\t\t\t<div class=\"ehp-image ehp-flex-hero__image-container\">\n\t\t\t\t<img decoding=\"async\" class=\"ehp-image__img ehp-flex-hero__img has-shape-rounded shape-type-image\" src=\"https:\/\/bkbconsultants.com\/wp-content\/uploads\/2026\/01\/BKB-Consultants-0325-054-scaled.jpg\" title=\"BKB consultants\" alt=\"BKB consultants\" loading=\"lazy\" \/>\t\t\t<\/div>\n\t\t\t\t\t<\/div>\n\t\t\t\t<\/div>\n\t\t\t\t\t\t<\/div>\n\t\t\t\t<\/div>\n\t\t\t\t\t<\/div>\n\t\t\t\t<\/div>\n\t\t<div class=\"elementor-element elementor-element-23caa001 e-flex e-con-boxed elementor-invisible e-con e-parent\" data-id=\"23caa001\" data-element_type=\"container\" data-e-type=\"container\" data-settings=\"{&quot;animation&quot;:&quot;fadeIn&quot;}\">\n\t\t\t\t\t<div class=\"e-con-inner\">\n\t\t<div class=\"elementor-element elementor-element-5ee39a3f e-con-full e-flex e-con e-child\" data-id=\"5ee39a3f\" data-element_type=\"container\" data-e-type=\"container\" data-settings=\"{&quot;background_background&quot;:&quot;classic&quot;}\">\n\t\t\t\t<div class=\"elementor-element elementor-element-73aa9ccd elementor-widget elementor-widget-counter\" data-id=\"73aa9ccd\" data-element_type=\"widget\" data-e-type=\"widget\" data-widget_type=\"counter.default\">\n\t\t\t\t\t\t\t<div class=\"elementor-counter\">\n\t\t\t<div class=\"elementor-counter-title\">Temps gagn\u00e9<\/div>\t\t\t<div class=\"elementor-counter-number-wrapper\">\n\t\t\t\t<span class=\"elementor-counter-number-prefix\">x<\/span>\n\t\t\t\t<span class=\"elementor-counter-number\" data-duration=\"807\" data-to-value=\"3\" data-from-value=\"0\" data-delimiter=\",\">0<\/span>\n\t\t\t\t<span class=\"elementor-counter-number-suffix\"><\/span>\n\t\t\t<\/div>\n\t\t<\/div>\n\t\t\t\t\t\t<\/div>\n\t\t\t\t<\/div>\n\t\t<div class=\"elementor-element elementor-element-d0a55ce e-con-full e-flex e-con e-child\" data-id=\"d0a55ce\" data-element_type=\"container\" data-e-type=\"container\">\n\t\t\t\t<div class=\"elementor-element elementor-element-46ac795d elementor-widget elementor-widget-image\" data-id=\"46ac795d\" data-element_type=\"widget\" data-e-type=\"widget\" data-widget_type=\"image.default\">\n\t\t\t\t\t\t\t\t\t\t\t\t\t\t\t<img fetchpriority=\"high\" decoding=\"async\" width=\"543\" height=\"386\" src=\"https:\/\/bkbconsultants.com\/wp-content\/uploads\/2025\/11\/Accueil-1.jpg\" class=\"attachment-large size-large wp-image-184\" alt=\"\" srcset=\"https:\/\/bkbconsultants.com\/wp-content\/uploads\/2025\/11\/Accueil-1.jpg 543w, https:\/\/bkbconsultants.com\/wp-content\/uploads\/2025\/11\/Accueil-1-300x213.jpg 300w\" sizes=\"(max-width: 543px) 100vw, 543px\" \/>\t\t\t\t\t\t\t\t\t\t\t\t\t\t\t<\/div>\n\t\t\t\t<\/div>\n\t\t<div class=\"elementor-element elementor-element-1d765709 e-con-full e-flex e-con e-child\" data-id=\"1d765709\" data-element_type=\"container\" data-e-type=\"container\">\n\t\t\t\t<div class=\"elementor-element elementor-element-39ade322 elementor-widget elementor-widget-heading\" data-id=\"39ade322\" data-element_type=\"widget\" data-e-type=\"widget\" data-widget_type=\"heading.default\">\n\t\t\t\t\t<h2 class=\"elementor-heading-title elementor-size-default\">Mission<\/h2>\t\t\t\t<\/div>\n\t\t\t\t<div class=\"elementor-element elementor-element-7cf764ef elementor-widget elementor-widget-text-editor\" data-id=\"7cf764ef\" data-element_type=\"widget\" data-e-type=\"widget\" data-widget_type=\"text-editor.default\">\n\t\t\t\t\t\t\t\t\t<p data-start=\"776\" data-end=\"992\">Notre mission : vous apporter non seulement des r\u00e9ponses concr\u00e8tes, mais des perspectives. Parce qu\u2019\u00e0 BKB, \u00ab L\u2019avenir aujourd\u2019hui \u00bb : c\u2019est donner \u00e0 votre entreprise les moyens d\u2019agir, de se d\u00e9velopper et de durer.<\/p>\t\t\t\t\t\t\t\t<\/div>\n\t\t\t\t<\/div>\n\t\t<div class=\"elementor-element elementor-element-1d1acab3 e-con-full e-flex e-con e-child\" data-id=\"1d1acab3\" data-element_type=\"container\" data-e-type=\"container\">\n\t\t\t\t<div class=\"elementor-element elementor-element-320d8f5a elementor-widget elementor-widget-image\" data-id=\"320d8f5a\" data-element_type=\"widget\" data-e-type=\"widget\" data-widget_type=\"image.default\">\n\t\t\t\t\t\t\t\t\t\t\t\t\t\t\t<img decoding=\"async\" width=\"200\" height=\"300\" src=\"https:\/\/bkbconsultants.com\/wp-content\/uploads\/2026\/01\/BKB-Consultants-0325-010-200x300.jpg\" class=\"attachment-medium size-medium wp-image-269\" alt=\"\" srcset=\"https:\/\/bkbconsultants.com\/wp-content\/uploads\/2026\/01\/BKB-Consultants-0325-010-200x300.jpg 200w, https:\/\/bkbconsultants.com\/wp-content\/uploads\/2026\/01\/BKB-Consultants-0325-010-683x1024.jpg 683w, https:\/\/bkbconsultants.com\/wp-content\/uploads\/2026\/01\/BKB-Consultants-0325-010-768x1152.jpg 768w, https:\/\/bkbconsultants.com\/wp-content\/uploads\/2026\/01\/BKB-Consultants-0325-010-1024x1536.jpg 1024w, https:\/\/bkbconsultants.com\/wp-content\/uploads\/2026\/01\/BKB-Consultants-0325-010-1365x2048.jpg 1365w, https:\/\/bkbconsultants.com\/wp-content\/uploads\/2026\/01\/BKB-Consultants-0325-010-scaled.jpg 1707w\" sizes=\"(max-width: 200px) 100vw, 200px\" \/>\t\t\t\t\t\t\t\t\t\t\t\t\t\t\t<\/div>\n\t\t\t\t<\/div>\n\t\t<div class=\"elementor-element elementor-element-2c1e0e36 e-con-full e-flex e-con e-child\" data-id=\"2c1e0e36\" data-element_type=\"container\" data-e-type=\"container\">\n\t\t\t\t<div class=\"elementor-element elementor-element-27beb2ba elementor-widget elementor-widget-heading\" data-id=\"27beb2ba\" data-element_type=\"widget\" data-e-type=\"widget\" data-widget_type=\"heading.default\">\n\t\t\t\t\t<h2 class=\"elementor-heading-title elementor-size-default\">Vision<\/h2>\t\t\t\t<\/div>\n\t\t\t\t<div class=\"elementor-element elementor-element-b5ae5 elementor-widget elementor-widget-text-editor\" data-id=\"b5ae5\" data-element_type=\"widget\" data-e-type=\"widget\" data-widget_type=\"text-editor.default\">\n\t\t\t\t\t\t\t\t\t<p>Nous pla\u00e7ons l\u2019humain au centre de notre expertise : proximit\u00e9, confiance, et \u00e9coute sont le socle de notre approche. Gr\u00e2ce \u00e0 notre capacit\u00e9 d\u2019innovation \u2014 digitalisation des process, tableaux de bord intelligents, pilotage en temps r\u00e9el \u2014 nous transformons la complexit\u00e9 en clart\u00e9.<\/p>\t\t\t\t\t\t\t\t<\/div>\n\t\t\t\t<\/div>\n\t\t<div class=\"elementor-element elementor-element-4d1712bb e-con-full e-flex e-con e-child\" data-id=\"4d1712bb\" data-element_type=\"container\" data-e-type=\"container\" data-settings=\"{&quot;background_background&quot;:&quot;classic&quot;}\">\n\t\t\t\t<div class=\"elementor-element elementor-element-37171272 elementor-widget elementor-widget-counter\" data-id=\"37171272\" data-element_type=\"widget\" data-e-type=\"widget\" data-widget_type=\"counter.default\">\n\t\t\t\t\t\t\t<div class=\"elementor-counter\">\n\t\t\t<div class=\"elementor-counter-title\">Client Satisfaction<\/div>\t\t\t<div class=\"elementor-counter-number-wrapper\">\n\t\t\t\t<span class=\"elementor-counter-number-prefix\"><\/span>\n\t\t\t\t<span class=\"elementor-counter-number\" data-duration=\"807\" data-to-value=\"95\" data-from-value=\"0\" data-delimiter=\",\">0<\/span>\n\t\t\t\t<span class=\"elementor-counter-number-suffix\">%<\/span>\n\t\t\t<\/div>\n\t\t<\/div>\n\t\t\t\t\t\t<\/div>\n\t\t\t\t<\/div>\n\t\t\t\t\t<\/div>\n\t\t\t\t<\/div>\n\t\t<div class=\"elementor-element elementor-element-64f797e6 e-flex e-con-boxed elementor-invisible e-con e-parent\" data-id=\"64f797e6\" data-element_type=\"container\" data-e-type=\"container\" data-settings=\"{&quot;animation&quot;:&quot;fadeIn&quot;}\">\n\t\t\t\t\t<div class=\"e-con-inner\">\n\t\t<div class=\"elementor-element elementor-element-26674385 e-con-full e-flex e-con e-child\" data-id=\"26674385\" data-element_type=\"container\" data-e-type=\"container\">\n\t\t\t\t<div class=\"elementor-element elementor-element-6752b183 elementor-widget elementor-widget-image\" data-id=\"6752b183\" data-element_type=\"widget\" data-e-type=\"widget\" data-widget_type=\"image.default\">\n\t\t\t\t\t\t\t\t\t\t\t\t\t\t\t<img decoding=\"async\" width=\"800\" height=\"534\" src=\"https:\/\/bkbconsultants.com\/wp-content\/uploads\/2025\/11\/services-1024x684.webp\" class=\"attachment-large size-large wp-image-107\" alt=\"\" srcset=\"https:\/\/bkbconsultants.com\/wp-content\/uploads\/2025\/11\/services-1024x684.webp 1024w, https:\/\/bkbconsultants.com\/wp-content\/uploads\/2025\/11\/services-300x200.webp 300w, https:\/\/bkbconsultants.com\/wp-content\/uploads\/2025\/11\/services-768x513.webp 768w, https:\/\/bkbconsultants.com\/wp-content\/uploads\/2025\/11\/services-1536x1026.webp 1536w, https:\/\/bkbconsultants.com\/wp-content\/uploads\/2025\/11\/services.webp 2000w\" sizes=\"(max-width: 800px) 100vw, 800px\" \/>\t\t\t\t\t\t\t\t\t\t\t\t\t\t\t<\/div>\n\t\t\t\t<\/div>\n\t\t<div class=\"elementor-element elementor-element-13940276 e-con-full e-flex e-con e-child\" data-id=\"13940276\" data-element_type=\"container\" data-e-type=\"container\">\n\t\t\t\t<div class=\"elementor-element elementor-element-7279e18d elementor-widget elementor-widget-heading\" data-id=\"7279e18d\" data-element_type=\"widget\" data-e-type=\"widget\" data-widget_type=\"heading.default\">\n\t\t\t\t\t<h3 class=\"elementor-heading-title elementor-size-default\">Vitaminer votre entreprise<\/h3>\t\t\t\t<\/div>\n\t\t\t\t<\/div>\n\t\t\t\t\t<\/div>\n\t\t\t\t<\/div>\n\t\t<div class=\"elementor-element elementor-element-144d311b e-flex e-con-boxed elementor-invisible e-con e-parent\" data-id=\"144d311b\" data-element_type=\"container\" data-e-type=\"container\" data-settings=\"{&quot;background_background&quot;:&quot;classic&quot;,&quot;animation&quot;:&quot;fadeIn&quot;}\">\n\t\t\t\t\t<div class=\"e-con-inner\">\n\t\t<div class=\"elementor-element elementor-element-63ad3a63 e-con-full e-flex e-con e-child\" data-id=\"63ad3a63\" data-element_type=\"container\" data-e-type=\"container\">\n\t\t\t\t<div class=\"elementor-element elementor-element-73fd64e3 elementor-widget elementor-widget-heading\" data-id=\"73fd64e3\" data-element_type=\"widget\" data-e-type=\"widget\" data-widget_type=\"heading.default\">\n\t\t\t\t\t<h2 class=\"elementor-heading-title elementor-size-default\">Rencontrez notre \u00e9quipe<\/h2>\t\t\t\t<\/div>\n\t\t\t\t<\/div>\n\t\t<div class=\"elementor-element elementor-element-488e73eb e-con-full e-flex e-con e-child\" data-id=\"488e73eb\" data-element_type=\"container\" data-e-type=\"container\">\n\t\t\t\t<div class=\"elementor-element elementor-element-1bd0e692 elementor-position-top elementor-widget elementor-widget-image-box\" data-id=\"1bd0e692\" data-element_type=\"widget\" data-e-type=\"widget\" data-widget_type=\"image-box.default\">\n\t\t\t\t\t<div class=\"elementor-image-box-wrapper\"><figure class=\"elementor-image-box-img\"><img loading=\"lazy\" decoding=\"async\" width=\"1707\" height=\"2560\" src=\"https:\/\/bkbconsultants.com\/wp-content\/uploads\/2026\/01\/BKB-Consultants-0325-043-scaled.jpg\" class=\"attachment-full size-full wp-image-268\" alt=\"\" srcset=\"https:\/\/bkbconsultants.com\/wp-content\/uploads\/2026\/01\/BKB-Consultants-0325-043-scaled.jpg 1707w, https:\/\/bkbconsultants.com\/wp-content\/uploads\/2026\/01\/BKB-Consultants-0325-043-200x300.jpg 200w, https:\/\/bkbconsultants.com\/wp-content\/uploads\/2026\/01\/BKB-Consultants-0325-043-683x1024.jpg 683w, https:\/\/bkbconsultants.com\/wp-content\/uploads\/2026\/01\/BKB-Consultants-0325-043-768x1152.jpg 768w, https:\/\/bkbconsultants.com\/wp-content\/uploads\/2026\/01\/BKB-Consultants-0325-043-1024x1536.jpg 1024w, https:\/\/bkbconsultants.com\/wp-content\/uploads\/2026\/01\/BKB-Consultants-0325-043-1365x2048.jpg 1365w\" sizes=\"(max-width: 1707px) 100vw, 1707px\" \/><\/figure><div class=\"elementor-image-box-content\"><h3 class=\"elementor-image-box-title\">Val\u00e9rie<\/h3><p class=\"elementor-image-box-description\">Responsable de dossier<\/p><\/div><\/div>\t\t\t\t<\/div>\n\t\t\t\t<\/div>\n\t\t<div class=\"elementor-element elementor-element-1916d653 e-con-full e-flex e-con e-child\" data-id=\"1916d653\" data-element_type=\"container\" data-e-type=\"container\">\n\t\t\t\t<div class=\"elementor-element elementor-element-117880ab elementor-position-top elementor-widget elementor-widget-image-box\" data-id=\"117880ab\" data-element_type=\"widget\" data-e-type=\"widget\" data-widget_type=\"image-box.default\">\n\t\t\t\t\t<div class=\"elementor-image-box-wrapper\"><figure class=\"elementor-image-box-img\"><img loading=\"lazy\" decoding=\"async\" width=\"1707\" height=\"2560\" src=\"https:\/\/bkbconsultants.com\/wp-content\/uploads\/2026\/01\/BKB-Consultants-0325-040-scaled.jpg\" class=\"attachment-full size-full wp-image-267\" alt=\"\" srcset=\"https:\/\/bkbconsultants.com\/wp-content\/uploads\/2026\/01\/BKB-Consultants-0325-040-scaled.jpg 1707w, https:\/\/bkbconsultants.com\/wp-content\/uploads\/2026\/01\/BKB-Consultants-0325-040-200x300.jpg 200w, https:\/\/bkbconsultants.com\/wp-content\/uploads\/2026\/01\/BKB-Consultants-0325-040-683x1024.jpg 683w, https:\/\/bkbconsultants.com\/wp-content\/uploads\/2026\/01\/BKB-Consultants-0325-040-768x1152.jpg 768w, https:\/\/bkbconsultants.com\/wp-content\/uploads\/2026\/01\/BKB-Consultants-0325-040-1024x1536.jpg 1024w, https:\/\/bkbconsultants.com\/wp-content\/uploads\/2026\/01\/BKB-Consultants-0325-040-1365x2048.jpg 1365w\" sizes=\"(max-width: 1707px) 100vw, 1707px\" \/><\/figure><div class=\"elementor-image-box-content\"><h3 class=\"elementor-image-box-title\">Laurine<\/h3><p class=\"elementor-image-box-description\">Responsable de dossier<\/p><\/div><\/div>\t\t\t\t<\/div>\n\t\t\t\t<\/div>\n\t\t<div class=\"elementor-element elementor-element-32a0f67 e-con-full e-flex e-con e-child\" data-id=\"32a0f67\" data-element_type=\"container\" data-e-type=\"container\">\n\t\t\t\t<div class=\"elementor-element elementor-element-5a74aed elementor-position-top elementor-widget elementor-widget-image-box\" data-id=\"5a74aed\" data-element_type=\"widget\" data-e-type=\"widget\" data-widget_type=\"image-box.default\">\n\t\t\t\t\t<div class=\"elementor-image-box-wrapper\"><figure class=\"elementor-image-box-img\"><img loading=\"lazy\" decoding=\"async\" width=\"1707\" height=\"2560\" src=\"https:\/\/bkbconsultants.com\/wp-content\/uploads\/2026\/01\/BKB-Consultants-0325-53-scaled.jpg\" class=\"attachment-full size-full wp-image-266\" alt=\"\" srcset=\"https:\/\/bkbconsultants.com\/wp-content\/uploads\/2026\/01\/BKB-Consultants-0325-53-scaled.jpg 1707w, https:\/\/bkbconsultants.com\/wp-content\/uploads\/2026\/01\/BKB-Consultants-0325-53-200x300.jpg 200w, https:\/\/bkbconsultants.com\/wp-content\/uploads\/2026\/01\/BKB-Consultants-0325-53-683x1024.jpg 683w, https:\/\/bkbconsultants.com\/wp-content\/uploads\/2026\/01\/BKB-Consultants-0325-53-768x1152.jpg 768w, https:\/\/bkbconsultants.com\/wp-content\/uploads\/2026\/01\/BKB-Consultants-0325-53-1024x1536.jpg 1024w, https:\/\/bkbconsultants.com\/wp-content\/uploads\/2026\/01\/BKB-Consultants-0325-53-1365x2048.jpg 1365w\" sizes=\"(max-width: 1707px) 100vw, 1707px\" \/><\/figure><div class=\"elementor-image-box-content\"><h3 class=\"elementor-image-box-title\">Charlotte<\/h3><p class=\"elementor-image-box-description\">Alternante<\/p><\/div><\/div>\t\t\t\t<\/div>\n\t\t\t\t<\/div>\n\t\t<div class=\"elementor-element elementor-element-614391a7 e-con-full e-flex e-con e-child\" data-id=\"614391a7\" data-element_type=\"container\" data-e-type=\"container\">\n\t\t\t\t<div class=\"elementor-element elementor-element-4e50ef3 elementor-position-top elementor-widget elementor-widget-image-box\" data-id=\"4e50ef3\" data-element_type=\"widget\" data-e-type=\"widget\" data-widget_type=\"image-box.default\">\n\t\t\t\t\t<div class=\"elementor-image-box-wrapper\"><figure class=\"elementor-image-box-img\"><img loading=\"lazy\" decoding=\"async\" width=\"834\" height=\"886\" src=\"https:\/\/bkbconsultants.com\/wp-content\/uploads\/2025\/11\/team-4.webp\" class=\"attachment-full size-full wp-image-110\" alt=\"\" srcset=\"https:\/\/bkbconsultants.com\/wp-content\/uploads\/2025\/11\/team-4.webp 834w, https:\/\/bkbconsultants.com\/wp-content\/uploads\/2025\/11\/team-4-282x300.webp 282w, https:\/\/bkbconsultants.com\/wp-content\/uploads\/2025\/11\/team-4-768x816.webp 768w\" sizes=\"(max-width: 834px) 100vw, 834px\" \/><\/figure><div class=\"elementor-image-box-content\"><h3 class=\"elementor-image-box-title\">Laetitia<\/h3><p class=\"elementor-image-box-description\">Responsable de dossier<\/p><\/div><\/div>\t\t\t\t<\/div>\n\t\t\t\t<\/div>\n\t\t<div class=\"elementor-element elementor-element-2015eb2 e-con-full e-flex e-con e-child\" data-id=\"2015eb2\" data-element_type=\"container\" data-e-type=\"container\">\n\t\t\t\t<div class=\"elementor-element elementor-element-6e5761f elementor-position-top elementor-widget elementor-widget-image-box\" data-id=\"6e5761f\" data-element_type=\"widget\" data-e-type=\"widget\" data-widget_type=\"image-box.default\">\n\t\t\t\t\t<div class=\"elementor-image-box-wrapper\"><figure class=\"elementor-image-box-img\"><img loading=\"lazy\" decoding=\"async\" width=\"1707\" height=\"2560\" src=\"https:\/\/bkbconsultants.com\/wp-content\/uploads\/2026\/01\/BKB-Consultants-0325-093-scaled.jpg\" class=\"attachment-full size-full wp-image-263\" alt=\"\" srcset=\"https:\/\/bkbconsultants.com\/wp-content\/uploads\/2026\/01\/BKB-Consultants-0325-093-scaled.jpg 1707w, https:\/\/bkbconsultants.com\/wp-content\/uploads\/2026\/01\/BKB-Consultants-0325-093-200x300.jpg 200w, https:\/\/bkbconsultants.com\/wp-content\/uploads\/2026\/01\/BKB-Consultants-0325-093-683x1024.jpg 683w, https:\/\/bkbconsultants.com\/wp-content\/uploads\/2026\/01\/BKB-Consultants-0325-093-768x1152.jpg 768w, https:\/\/bkbconsultants.com\/wp-content\/uploads\/2026\/01\/BKB-Consultants-0325-093-1024x1536.jpg 1024w, https:\/\/bkbconsultants.com\/wp-content\/uploads\/2026\/01\/BKB-Consultants-0325-093-1365x2048.jpg 1365w\" sizes=\"(max-width: 1707px) 100vw, 1707px\" \/><\/figure><div class=\"elementor-image-box-content\"><h3 class=\"elementor-image-box-title\">Bertrand<\/h3><p class=\"elementor-image-box-description\">Expert-Comptable\nEntrepreneur<\/p><\/div><\/div>\t\t\t\t<\/div>\n\t\t\t\t<\/div>\n\t\t\t\t\t<\/div>\n\t\t\t\t<\/div>\n\t\t\t\t<\/div>\n\t\t","protected":false},"excerpt":{"rendered":"<p>A propos de nous Nous mettons tout en \u0153uvre pour vous proposer un service de qualit\u00e9 fond\u00e9 sur trois piliers : \u2022 Tarifs transparents : des honoraires clairs, adapt\u00e9s \u00e0 votre structure, sans surprise. \u2022 Outils num\u00e9riques innovants : plateforme collaborative, d\u00e9mat\u00e9rialisation des pi\u00e8ces, acc\u00e8s en temps r\u00e9el \u00e0 vos donn\u00e9es. \u2022 Accompagnement personnalis\u00e9 : [&hellip;]<\/p>\n","protected":false},"author":1,"featured_media":0,"parent":0,"menu_order":0,"comment_status":"closed","ping_status":"closed","template":"elementor_header_footer","meta":{"footnotes":""},"class_list":["post-102","page","type-page","status-publish","hentry"],"_links":{"self":[{"href":"https:\/\/bkbconsultants.com\/index.php?rest_route=\/wp\/v2\/pages\/102","targetHints":{"allow":["GET"]}}],"collection":[{"href":"https:\/\/bkbconsultants.com\/index.php?rest_route=\/wp\/v2\/pages"}],"about":[{"href":"https:\/\/bkbconsultants.com\/index.php?rest_route=\/wp\/v2\/types\/page"}],"author":[{"embeddable":true,"href":"https:\/\/bkbconsultants.com\/index.php?rest_route=\/wp\/v2\/users\/1"}],"replies":[{"embeddable":true,"href":"https:\/\/bkbconsultants.com\/index.php?rest_route=%2Fwp%2Fv2%2Fcomments&post=102"}],"version-history":[{"count":14,"href":"https:\/\/bkbconsultants.com\/index.php?rest_route=\/wp\/v2\/pages\/102\/revisions"}],"predecessor-version":[{"id":278,"href":"https:\/\/bkbconsultants.com\/index.php?rest_route=\/wp\/v2\/pages\/102\/revisions\/278"}],"wp:attachment":[{"href":"https:\/\/bkbconsultants.com\/index.php?rest_route=%2Fwp%2Fv2%2Fmedia&parent=102"}],"curies":[{"name":"wp","href":"https:\/\/api.w.org\/{rel}","templated":true}]}}